{"id":712,"date":"2015-08-27T08:30:45","date_gmt":"2015-08-27T06:30:45","guid":{"rendered":"http:\/\/tausendschoen.greenfairplanet.net\/wp-content\/uploads\/2015\/08\/Gurken-Laura-f\u00fcllt-die-Gl\u00e4ser.jpg"},"modified":"2015-08-27T08:31:32","modified_gmt":"2015-08-27T06:31:32","slug":"gurken-laura-fuellt-die-glaeser","status":"inherit","type":"attachment","link":"https:\/\/tausendschoen.greenfairplanet.net\/?attachment_id=712","title":{"rendered":"Wir kochen mit Vielfalt"},"author":1,"featured_media":0,"comment_status":"closed","ping_status":"closed","template":"","meta":[],"class_list":["post-712","attachment","type-attachment","status-inherit","hentry"],"description":{"rendered":"<p class=\"attachment\"><a href='https:\/\/tausendschoen.greenfairplanet.net\/wp-content\/uploads\/2015\/08\/Gurken-Laura-f\u00fcllt-die-Gl\u00e4ser.jpg'><img loading=\"lazy\" decoding=\"async\" width=\"169\" height=\"300\" src=\"https:\/\/tausendschoen.greenfairplanet.net\/wp-content\/uploads\/2015\/08\/Gurken-Laura-f\u00fcllt-die-Gl\u00e4ser-169x300.jpg\" class=\"attachment-medium size-medium\" alt=\"Bildung zur Wertsch\u00e4tzung von Lebensmitteln\" srcset=\"https:\/\/tausendschoen.greenfairplanet.net\/wp-content\/uploads\/2015\/08\/Gurken-Laura-f\u00fcllt-die-Gl\u00e4ser-169x300.jpg 169w, https:\/\/tausendschoen.greenfairplanet.net\/wp-content\/uploads\/2015\/08\/Gurken-Laura-f\u00fcllt-die-Gl\u00e4ser-300x533.jpg 300w, https:\/\/tausendschoen.greenfairplanet.net\/wp-content\/uploads\/2015\/08\/Gurken-Laura-f\u00fcllt-die-Gl\u00e4ser.jpg 466w\" sizes=\"auto, (max-width: 169px) 100vw, 169px\" \/><\/a><\/p>\n"},"caption":{"rendered":""},"alt_text":"Bildung zur Wertsch\u00e4tzung von Lebensmitteln","media_type":"image","mime_type":"image\/jpeg","media_details":{"width":466,"height":828,"file":"2015\/08\/Gurken-Laura-f\u00fcllt-die-Gl\u00e4ser.jpg","sizes":{"thumbnail":{"file":"Gurken-Laura-f\u00fcllt-die-Gl\u00e4ser-150x150.jpg","width":150,"height":150,"mime_type":"image\/jpeg","source_url":"https:\/\/tausendschoen.greenfairplanet.net\/wp-content\/uploads\/2015\/08\/Gurken-Laura-f\u00fcllt-die-Gl\u00e4ser-150x150.jpg"},"medium":{"file":"Gurken-Laura-f\u00fcllt-die-Gl\u00e4ser-169x300.jpg","width":169,"height":300,"mime_type":"image\/jpeg","source_url":"https:\/\/tausendschoen.greenfairplanet.net\/wp-content\/uploads\/2015\/08\/Gurken-Laura-f\u00fcllt-die-Gl\u00e4ser-169x300.jpg"},"post-thumbnail":{"file":"Gurken-Laura-f\u00fcllt-die-Gl\u00e4ser-300x533.jpg","width":300,"height":533,"mime_type":"image\/jpeg","source_url":"https:\/\/tausendschoen.greenfairplanet.net\/wp-content\/uploads\/2015\/08\/Gurken-Laura-f\u00fcllt-die-Gl\u00e4ser-300x533.jpg"},"full":{"file":"Gurken-Laura-f\u00fcllt-die-Gl\u00e4ser.jpg","width":466,"height":828,"mime_type":"image\/jpeg","source_url":"https:\/\/tausendschoen.greenfairplanet.net\/wp-content\/uploads\/2015\/08\/Gurken-Laura-f\u00fcllt-die-Gl\u00e4ser.jpg"}},"image_meta":{"aperture":0,"credit":"","camera":"","caption":"","created_timestamp":0,"copyright":"","focal_length":0,"iso":0,"shutter_speed":0,"title":"","orientation":0}},"post":705,"source_url":"https:\/\/tausendschoen.greenfairplanet.net\/wp-content\/uploads\/2015\/08\/Gurken-Laura-f\u00fcllt-die-Gl\u00e4ser.jpg","_links":{"self":[{"href":"https:\/\/tausendschoen.greenfairplanet.net\/index.php?rest_route=\/wp\/v2\/media\/712","targetHints":{"allow":["GET"]}}],"collection":[{"href":"https:\/\/tausendschoen.greenfairplanet.net\/index.php?rest_route=\/wp\/v2\/media"}],"about":[{"href":"https:\/\/tausendschoen.greenfairplanet.net\/index.php?rest_route=\/wp\/v2\/types\/attachment"}],"author":[{"embeddable":true,"href":"https:\/\/tausendschoen.greenfairplanet.net\/index.php?rest_route=\/wp\/v2\/users\/1"}],"replies":[{"embeddable":true,"href":"https:\/\/tausendschoen.greenfairplanet.net\/index.php?rest_route=%2Fwp%2Fv2%2Fcomments&post=712"}],"wp:attached-to":[{"embeddable":true,"post_type":"post","id":705,"href":"https:\/\/tausendschoen.greenfairplanet.net\/index.php?rest_route=\/wp\/v2\/posts\/705"}],"curies":[{"name":"wp","href":"https:\/\/api.w.org\/{rel}","templated":true}]}}

http://tausendschoen.greenfairplanet.net/wp-content/uploads/2015/08/Gurken-Laura-füllt-die-Gläser.jpg

<p class="attachment"><a href='https://tausendschoen.greenfairplanet.net/wp-content/uploads/2015/08/Gurken-Laura-füllt-die-Gläser.jpg'><img loading="lazy" decoding="async" width="169" height="300" src="https://tausendschoen.greenfairplanet.net/wp-content/uploads/2015/08/Gurken-Laura-füllt-die-Gläser-169x300.jpg" class="attachment-medium size-medium" alt="Bildung zur Wertschätzung von Lebensmitteln" srcset="https://tausendschoen.greenfairplanet.net/wp-content/uploads/2015/08/Gurken-Laura-füllt-die-Gläser-169x300.jpg 169w, https://tausendschoen.greenfairplanet.net/wp-content/uploads/2015/08/Gurken-Laura-füllt-die-Gläser-300x533.jpg 300w, https://tausendschoen.greenfairplanet.net/wp-content/uploads/2015/08/Gurken-Laura-füllt-die-Gläser.jpg 466w" sizes="auto, (max-width: 169px) 100vw, 169px" /></a></p>

Bildung zur Wertschätzung von Lebensmitteln

2015/08/Gurken-Laura-füllt-die-Gläser.jpg

Gurken-Laura-füllt-die-Gläser-150x150.jpg

https://tausendschoen.greenfairplanet.net/wp-content/uploads/2015/08/Gurken-Laura-füllt-die-Gläser-150x150.jpg

Gurken-Laura-füllt-die-Gläser-169x300.jpg

https://tausendschoen.greenfairplanet.net/wp-content/uploads/2015/08/Gurken-Laura-füllt-die-Gläser-169x300.jpg

Gurken-Laura-füllt-die-Gläser-300x533.jpg

https://tausendschoen.greenfairplanet.net/wp-content/uploads/2015/08/Gurken-Laura-füllt-die-Gläser-300x533.jpg

Gurken-Laura-füllt-die-Gläser.jpg

https://tausendschoen.greenfairplanet.net/wp-content/uploads/2015/08/Gurken-Laura-füllt-die-Gläser.jpg
